{"id":76,"date":"2019-09-09T09:51:13","date_gmt":"2019-09-09T07:51:13","guid":{"rendered":"https:\/\/sporting-village.fr\/blagnac\/?page_id=76"},"modified":"2025-03-06T16:02:01","modified_gmt":"2025-03-06T15:02:01","slug":"sporting-villageun-lieu-de-vie","status":"publish","type":"page","link":"https:\/\/www.sporting-village.fr\/blagnac\/","title":{"rendered":"Sporting Village Blagnac"},"content":{"rendered":"\n<div class=\"wp-block-columns has-2-columns is-layout-flex wp-container-core-columns-is-layout-9d6595d7 wp-block-columns-is-layout-flex\">\n<div class=\"wp-block-column is-layout-flow wp-block-column-is-layout-flow\">\n<h2 class=\"wp-block-heading\">Un lieu de vie hors du commun<\/h2>\n\n\n\n<p>R\u00e9compens\u00e9 par le prix de la Mixit\u00e9 urbaine des Pyramides d\u2019Or, le Sporting Village \u00e0 Blagnac, implant\u00e9 au sein de l\u2019\u00e9coquartier d\u2019Androm\u00e8de, vous ouvre ses portes 20 ans apr\u00e8s la cr\u00e9ation de son homologue toulousain.<\/p>\n\n\n\n<p>C\u2019est dans un emplacement privil\u00e9gi\u00e9, juste en face du Lyc\u00e9e Saint-Exup\u00e9ry, au c\u0153ur du berceau de l\u2019industrie a\u00e9ronautique, et au pied du tramway desservant le futur Parc des Expositions, que la deuxi\u00e8me \u00e9dition de ce concept unique m\u00eale logements, services et espaces alliant business, sport (avec sa <a href=\"https:\/\/www.sporting-form.fr\/salle-sport-blagnac\/\">salle de sport \u00e0 Blagnac<\/a>) et d\u00e9tente.<\/p>\n\n\n\n<p class=\"is-hidden-tablet is-block-mobile-only\">Un complexe dupliqu\u00e9 \u00e0 Toulouse :<\/p>\n\n\n\n<a class=\"button primary is-block-mobile-only is-hidden-tablet\" id=\"button-block_b19bc99390c4108c0fb535f1f2290fc0\"  href=\"\/toulouse\/\">D\u00e9couvrir Sporting Village Toulouse<\/a>\n<\/div>\n\n\n\n<div class=\"wp-block-column is-layout-flow wp-block-column-is-layout-flow\">\n<figure class=\"wp-block-image\"><img loading=\"lazy\" decoding=\"async\" width=\"480\" height=\"350\" src=\"https:\/\/www.sporting-village.fr\/blagnac\/wp-content\/uploads\/sites\/4\/2019\/09\/Blagnac-adresse.png\" alt=\"\" class=\"wp-image-143\" srcset=\"https:\/\/www.sporting-village.fr\/blagnac\/wp-content\/uploads\/sites\/4\/2019\/09\/Blagnac-adresse.png 480w, https:\/\/www.sporting-village.fr\/blagnac\/wp-content\/uploads\/sites\/4\/2019\/09\/Blagnac-adresse-300x219.png 300w, https:\/\/www.sporting-village.fr\/blagnac\/wp-content\/uploads\/sites\/4\/2019\/09\/Blagnac-adresse-350x255.png 350w\" sizes=\"auto, (max-width: 480px) 100vw, 480px\" \/><figcaption class=\"wp-element-caption\">Entrez dans l\u2019univers Sporting Village !<\/figcaption><\/figure>\n<\/div>\n<\/div>\n\n\n\n<div class=\"wp-block-group visite-virtuelle\"><div class=\"wp-block-group__inner-container is-layout-constrained wp-block-group-is-layout-constrained\">\n<h2 class=\"wp-block-heading has-text-align-center\">Visitez Sporting Village Blagnac<\/h2>\n\n\n\n<figure><\/div><\/figure>\n<\/div><\/div>\n","protected":false},"excerpt":{"rendered":"<p>Un lieu de vie hors du commun R\u00e9compens\u00e9 par le prix de la Mixit\u00e9 urbaine des Pyramides d\u2019Or, le Sporting Village \u00e0 Blagnac, implant\u00e9 au sein de l\u2019\u00e9coquartier d\u2019Androm\u00e8de, vous ouvre ses portes 20 ans apr\u00e8s la cr\u00e9ation de son homologue toulousain. C\u2019est dans un emplacement privil\u00e9gi\u00e9, juste en face du Lyc\u00e9e Saint-Exup\u00e9ry, au c\u0153ur [&hellip;]<\/p>\n","protected":false},"author":7,"featured_media":0,"parent":0,"menu_order":0,"comment_status":"closed","ping_status":"closed","template":"","meta":{"_acf_changed":false,"content-type":"","footnotes":""},"class_list":["post-76","page","type-page","status-publish","hentry"],"acf":[],"yoast_head":"<!-- This site is optimized with the Yoast SEO plugin v27.1.1 - https:\/\/yoast.com\/product\/yoast-seo-wordpress\/ -->\n<title>Complexe Sporting Village - Blagnac<\/title>\n<meta name=\"description\" content=\"D\u00e9couvrez le Sporting Village \u00e0 Blagnac, un tiers-lieu multiactivit\u00e9s m\u00ealant un restaurant, une salle de sport, des salles de s\u00e9minaire et de coworking...\" \/>\n<meta name=\"robots\" content=\"index, follow, max-snippet:-1, max-image-preview:large, max-video-preview:-1\" \/>\n<link rel=\"canonical\" href=\"https:\/\/www.sporting-village.fr\/blagnac\/\" \/>\n<meta property=\"og:locale\" content=\"fr_FR\" \/>\n<meta property=\"og:type\" content=\"article\" \/>\n<meta property=\"og:title\" content=\"Complexe Sporting Village - Blagnac\" \/>\n<meta property=\"og:description\" content=\"D\u00e9couvrez le Sporting Village \u00e0 Blagnac, un tiers-lieu multiactivit\u00e9s m\u00ealant un restaurant, une salle de sport, des salles de s\u00e9minaire et de coworking...\" \/>\n<meta property=\"og:url\" content=\"https:\/\/www.sporting-village.fr\/blagnac\/\" \/>\n<meta property=\"og:site_name\" content=\"Sporting Village Blagnac\" \/>\n<meta property=\"article:modified_time\" content=\"2025-03-06T15:02:01+00:00\" \/>\n<meta property=\"og:image\" content=\"https:\/\/www.sporting-village.fr\/blagnac\/wp-content\/uploads\/sites\/4\/2019\/09\/Blagnac-adresse.png\" \/>\n<meta name=\"twitter:card\" content=\"summary_large_image\" \/>\n<meta name=\"twitter:label1\" content=\"Dur\u00e9e de lecture estim\u00e9e\" \/>\n\t<meta name=\"twitter:data1\" content=\"1 minute\" \/>\n<script type=\"application\/ld+json\" class=\"yoast-schema-graph\">{\"@context\":\"https:\/\/schema.org\",\"@graph\":[{\"@type\":\"WebPage\",\"@id\":\"https:\/\/www.sporting-village.fr\/blagnac\/\",\"url\":\"https:\/\/www.sporting-village.fr\/blagnac\/\",\"name\":\"Complexe Sporting Village - Blagnac\",\"isPartOf\":{\"@id\":\"https:\/\/www.sporting-village.fr\/blagnac\/#website\"},\"primaryImageOfPage\":{\"@id\":\"https:\/\/www.sporting-village.fr\/blagnac\/#primaryimage\"},\"image\":{\"@id\":\"https:\/\/www.sporting-village.fr\/blagnac\/#primaryimage\"},\"thumbnailUrl\":\"https:\/\/www.sporting-village.fr\/blagnac\/wp-content\/uploads\/sites\/4\/2019\/09\/Blagnac-adresse.png\",\"datePublished\":\"2019-09-09T07:51:13+00:00\",\"dateModified\":\"2025-03-06T15:02:01+00:00\",\"description\":\"D\u00e9couvrez le Sporting Village \u00e0 Blagnac, un tiers-lieu multiactivit\u00e9s m\u00ealant un restaurant, une salle de sport, des salles de s\u00e9minaire et de coworking...\",\"breadcrumb\":{\"@id\":\"https:\/\/www.sporting-village.fr\/blagnac\/#breadcrumb\"},\"inLanguage\":\"fr-FR\",\"potentialAction\":[{\"@type\":\"ReadAction\",\"target\":[\"https:\/\/www.sporting-village.fr\/blagnac\/\"]}]},{\"@type\":\"ImageObject\",\"inLanguage\":\"fr-FR\",\"@id\":\"https:\/\/www.sporting-village.fr\/blagnac\/#primaryimage\",\"url\":\"https:\/\/www.sporting-village.fr\/blagnac\/wp-content\/uploads\/sites\/4\/2019\/09\/Blagnac-adresse.png\",\"contentUrl\":\"https:\/\/www.sporting-village.fr\/blagnac\/wp-content\/uploads\/sites\/4\/2019\/09\/Blagnac-adresse.png\",\"width\":480,\"height\":350},{\"@type\":\"BreadcrumbList\",\"@id\":\"https:\/\/www.sporting-village.fr\/blagnac\/#breadcrumb\",\"itemListElement\":[{\"@type\":\"ListItem\",\"position\":1,\"name\":\"Accueil\",\"item\":\"https:\/\/www.sporting-village.fr\"},{\"@type\":\"ListItem\",\"position\":2,\"name\":\"Sporting Village Blagnac\",\"item\":\"https:\/\/www.sporting-village.fr\/blagnac\/\"},{\"@type\":\"ListItem\",\"position\":3,\"name\":\"Sporting Village Blagnac\"}]},{\"@type\":\"WebSite\",\"@id\":\"https:\/\/www.sporting-village.fr\/blagnac\/#website\",\"url\":\"https:\/\/www.sporting-village.fr\/blagnac\/\",\"name\":\"Sporting Village Blagnac\",\"description\":\"Sporting Village Blagnac\",\"potentialAction\":[{\"@type\":\"SearchAction\",\"target\":{\"@type\":\"EntryPoint\",\"urlTemplate\":\"https:\/\/www.sporting-village.fr\/blagnac\/?s={search_term_string}\"},\"query-input\":{\"@type\":\"PropertyValueSpecification\",\"valueRequired\":true,\"valueName\":\"search_term_string\"}}],\"inLanguage\":\"fr-FR\"}]}<\/script>\n<!-- \/ Yoast SEO plugin. -->","yoast_head_json":{"title":"Complexe Sporting Village - Blagnac","description":"D\u00e9couvrez le Sporting Village \u00e0 Blagnac, un tiers-lieu multiactivit\u00e9s m\u00ealant un restaurant, une salle de sport, des salles de s\u00e9minaire et de coworking...","robots":{"index":"index","follow":"follow","max-snippet":"max-snippet:-1","max-image-preview":"max-image-preview:large","max-video-preview":"max-video-preview:-1"},"canonical":"https:\/\/www.sporting-village.fr\/blagnac\/","og_locale":"fr_FR","og_type":"article","og_title":"Complexe Sporting Village - Blagnac","og_description":"D\u00e9couvrez le Sporting Village \u00e0 Blagnac, un tiers-lieu multiactivit\u00e9s m\u00ealant un restaurant, une salle de sport, des salles de s\u00e9minaire et de coworking...","og_url":"https:\/\/www.sporting-village.fr\/blagnac\/","og_site_name":"Sporting Village Blagnac","article_modified_time":"2025-03-06T15:02:01+00:00","og_image":[{"url":"https:\/\/www.sporting-village.fr\/blagnac\/wp-content\/uploads\/sites\/4\/2019\/09\/Blagnac-adresse.png","type":"","width":"","height":""}],"twitter_card":"summary_large_image","twitter_misc":{"Dur\u00e9e de lecture estim\u00e9e":"1 minute"},"schema":{"@context":"https:\/\/schema.org","@graph":[{"@type":"WebPage","@id":"https:\/\/www.sporting-village.fr\/blagnac\/","url":"https:\/\/www.sporting-village.fr\/blagnac\/","name":"Complexe Sporting Village - Blagnac","isPartOf":{"@id":"https:\/\/www.sporting-village.fr\/blagnac\/#website"},"primaryImageOfPage":{"@id":"https:\/\/www.sporting-village.fr\/blagnac\/#primaryimage"},"image":{"@id":"https:\/\/www.sporting-village.fr\/blagnac\/#primaryimage"},"thumbnailUrl":"https:\/\/www.sporting-village.fr\/blagnac\/wp-content\/uploads\/sites\/4\/2019\/09\/Blagnac-adresse.png","datePublished":"2019-09-09T07:51:13+00:00","dateModified":"2025-03-06T15:02:01+00:00","description":"D\u00e9couvrez le Sporting Village \u00e0 Blagnac, un tiers-lieu multiactivit\u00e9s m\u00ealant un restaurant, une salle de sport, des salles de s\u00e9minaire et de coworking...","breadcrumb":{"@id":"https:\/\/www.sporting-village.fr\/blagnac\/#breadcrumb"},"inLanguage":"fr-FR","potentialAction":[{"@type":"ReadAction","target":["https:\/\/www.sporting-village.fr\/blagnac\/"]}]},{"@type":"ImageObject","inLanguage":"fr-FR","@id":"https:\/\/www.sporting-village.fr\/blagnac\/#primaryimage","url":"https:\/\/www.sporting-village.fr\/blagnac\/wp-content\/uploads\/sites\/4\/2019\/09\/Blagnac-adresse.png","contentUrl":"https:\/\/www.sporting-village.fr\/blagnac\/wp-content\/uploads\/sites\/4\/2019\/09\/Blagnac-adresse.png","width":480,"height":350},{"@type":"BreadcrumbList","@id":"https:\/\/www.sporting-village.fr\/blagnac\/#breadcrumb","itemListElement":[{"@type":"ListItem","position":1,"name":"Accueil","item":"https:\/\/www.sporting-village.fr"},{"@type":"ListItem","position":2,"name":"Sporting Village Blagnac","item":"https:\/\/www.sporting-village.fr\/blagnac\/"},{"@type":"ListItem","position":3,"name":"Sporting Village Blagnac"}]},{"@type":"WebSite","@id":"https:\/\/www.sporting-village.fr\/blagnac\/#website","url":"https:\/\/www.sporting-village.fr\/blagnac\/","name":"Sporting Village Blagnac","description":"Sporting Village Blagnac","potentialAction":[{"@type":"SearchAction","target":{"@type":"EntryPoint","urlTemplate":"https:\/\/www.sporting-village.fr\/blagnac\/?s={search_term_string}"},"query-input":{"@type":"PropertyValueSpecification","valueRequired":true,"valueName":"search_term_string"}}],"inLanguage":"fr-FR"}]}},"_links":{"self":[{"href":"https:\/\/www.sporting-village.fr\/blagnac\/wp-json\/wp\/v2\/pages\/76","targetHints":{"allow":["GET"]}}],"collection":[{"href":"https:\/\/www.sporting-village.fr\/blagnac\/wp-json\/wp\/v2\/pages"}],"about":[{"href":"https:\/\/www.sporting-village.fr\/blagnac\/wp-json\/wp\/v2\/types\/page"}],"author":[{"embeddable":true,"href":"https:\/\/www.sporting-village.fr\/blagnac\/wp-json\/wp\/v2\/users\/7"}],"replies":[{"embeddable":true,"href":"https:\/\/www.sporting-village.fr\/blagnac\/wp-json\/wp\/v2\/comments?post=76"}],"version-history":[{"count":22,"href":"https:\/\/www.sporting-village.fr\/blagnac\/wp-json\/wp\/v2\/pages\/76\/revisions"}],"predecessor-version":[{"id":319,"href":"https:\/\/www.sporting-village.fr\/blagnac\/wp-json\/wp\/v2\/pages\/76\/revisions\/319"}],"wp:attachment":[{"href":"https:\/\/www.sporting-village.fr\/blagnac\/wp-json\/wp\/v2\/media?parent=76"}],"curies":[{"name":"wp","href":"https:\/\/api.w.org\/{rel}","templated":true}]}}